n**2 + 6*n - 6. What is d(y)?
1
Let j(m) be the third derivative of m**5/60 - m**4/4 - 2*m**3/3 + 2*m**2 - 66. Suppose 0 = -0*r - 4*r + 5*h + 34, 5*r - 3*h = 36. Determine j(r).
-4
Let i(t) be the first derivative of -t**3/3 - 3*t**2 - 5*t + 339. What is i(-5)?
0
Let c be 1/7 - (6 - 170/35). Let h be (0 + c/2)/(9/18). Let b(t) = -4*t + 0*t + 3*t**2 + 6*t + 1. Calculate b(h).
2
Let z(l) = l**3 - 8*l**2 + 4. Suppose 0 = 4*v - 2*v + 5*g - 7, 2*g - 38 = -3*v. Suppose -16 - v = -4*n. Determine z(n).
4
Let t be 3/2*(-20)/(-15). Let p(a) be the third derivative of -a**4/3 + a**3/2 + 16*a**2 + 2*a. Calculate p(t).
-13
Let o(h) = -h**2 + h - 1. Let w(j) be the second derivative of -j**4/3 - 2*j**3/3 + 5*j**2/2 - j. Let i(m) = -3*o(m) + w(m). Determine i(-7).
8
Let c = -66 + 63. Let i(w) = -3*w + 3. Let j(k) = 2*k - 2. Let r(h) = c*i(h) - 4*j(h). Give r(3).
2
Let x(b) = -b**3 - b - 5. Let r = -34 + 34. Determine x(r).
-5
Let y(u) = -4 + 3 - 3 - u. Let a be y(-7). Let b(g) = -5*g + g**a + 2 - 5*g**2 + 0*g - 1 + 2. What is b(6)?
9
Let j(t) = t**2 + 4*t - 6. Suppose q + q + p = 7, -2*q + 2*p + 4 = 0. Suppose 3*a = -3*d + 24 + 15, q*d - 5*a = 31. Let y = 7 - d. Calculate j(y).
-1
Suppose -6*k + 10*k = -12, 4*o + 3*k + 29 = 0. Let v(w) = w**2 + 8*w + 17. Give v(o).
2
Suppose -4*f + 6*f - 2 = 0. Let j(o) = -o**2 - o - 1. Let s(m) = 6*m**2 - 4. Let d(c) = f*s(c) + 5*j(c). Calculate d(7).
5
Suppose -103*z = -99*z. Let d(v) = v**3 + v**2 + 1. Calculate d(z).
1
Let b(q) be the first derivative of q**4/4 - 5*q**3/3 - 7*q**2/2 + 9*q - 7. Let p be (-5)/(10/4) + 8. What is b(p)?
3
Suppose 98*z = 66*z + 96. Let n(j) = -2*j**2 - j - 4. Calculate n(z).
-25
Let w(s) be the third derivative of 8*s**2 + 1/120*s**6 + 0*s + 1/24*s**4 + 0 - 1/12*s**5 + 1/3*s**3. Give w(2).
-8
Let c(s) = 0*s - 5*s - 15 + 11. Let w(q) = 4*q + 5. Let z(a) = -3*c(a) - 4*w(a). Determine z(-7).
-1
Let j = -184 + 184. Let m(x) = x**2 + x + 2. Give m(j).
2
Suppose 15 = 4*t + t - 2*m, 2*t - 6 = 3*m. Let s(c) = c**2 - 5*c + 5. Calculate s(t).
-1
Let l(v) = -v**2 + 4. Suppose 4*z - n + 3*n - 20 = 0, 3*n = -z. What is l(z)?
-32
Let g(v) = -5*v**3 + 12*v**2 + 8*v + 3. Let a(w) = 4*w**3 - 11*w**2 - 7*w - 3. Let n(u) = 6*a(u) + 5*g(u). What is n(-4)?
-27
Suppose 10 = -5*s - 2*g - 2*g, 5*s + 20 = -2*g. Let p(q) = q**2 + 4*q - 13. What is p(s)?
-1
Let u(v) = 12*v. Suppose -3*i = -2*a - 17, -2*i - 2*i + 4 = 2*a. Suppose -4*h + i*d - 16 = 0, 2*d = -3*h + 7*d - 23. Calculate u(h).
-12
Let a(c) = -5051 + c**2 + 0*c**2 - 10*c + 5046 + 0*c**2. Calculate a(9).
-14
Suppose -5*o - 8 = -4*b, -4*o - 6 + 8 = b. Let u(x) be the third derivative of o - 6*x**2 - 1/3*x**3 + 0*x + 1/24*x**4 + 1/15*x**5. Calculate u(-2).
12
Let f(k) be the third derivative of 5*k**4/24 - 12*k**2. Let x(u) = 10*u. Let i(a) = -9*f(a) + 4*x(a). What is i(-1)?
5
Let b(x) = x**2 + 10*x + 2. Let y(p) = 68*p + 126. Let i be y(-2). Determine b(i).
2
Let u(z) = 13*z - 5*z - 9*z - 6 + z**2. Calculate u(0).
-6
Let j be -2 + (-38)/(-18) - (-663)/351. Let v(x) = -x**2 + 3*x - 2. Give v(j).
0
Let t(b) = -b**2 - 7*b. Let d = -14 - -44. Let k = d - 35. Determine t(k).
10
Let b(i) = -4*i**2 + 8*i - 1. Let y(x) = -5*x**2 + 8*x - 2. Let t(w) = -4*b(w) + 3*y(w). What is t(7)?
-9
Let q(v) = -v + 2 + 2 + 9*v + v**2. Suppose -2*g = 5*o + 10 - 35, -4 = -3*o + g. Let p(m) = -14*m + 35. Let x be p(o). Calculate q(x).
-3
Let i(v) = -v**2 + v - 1. Let j(t) = -t**2 - 3*t - 8. Let u(w) = -2*i(w) + j(w). Determine u(6).
0
Suppose -5*q = -0*q - 25. Let r(c) = -1 - 7 + 4*c**3 - 7*c**3 - q*c**2 + 4*c + 2*c**3. Calculate r(-6).
4
Let z(p) = 1 + 2*p - 2 - 2 - 5. Let i be z(8). Let q(x) = 0*x + 8 + i*x - 7 - x**2 - 6. Give q(7).
2
Suppose m + 14 = 5*t + 60, -3*m = 5*t - 178. Let v = 53 - m. Let i(y) = -y**3 - y**2 + 1. What is i(v)?
19
Let z(g) = -g**2 + 3*g + 9*g + 6*g + 2*g - 27*g. What is z(-7)?
0
Let u be 25 + -24 - (-13 - (-9)/3). Let k(r) = -5*r + 5. Determine k(u).
-50
Let h = -141 - -143. Let k(o) = -3 - o + 2 - h + 6. Determine k(-3).
6
Let v(j) be the second derivative of 2*j**3/3 + j**2 - 2*j + 117. Let z = -21 - -13. Let x = z + 5. Determine v(x).
-10
Let v(z) = 7*z**3 - z. Let k be v(-1). Let l(x) be the third derivative of 0 - 1/60*x**5 - 5/24*x**4 + x**2 + 0*x - 2/3*x**3. Calculate l(k).
-10
Let w(u) = 2 - 6*u**2 + 21*u**3 - 1 - 4 - 22*u**3 + 11*u - 17*u. Determine w(-5).
2
Suppose -5*p + 2*y = -335, -p + 23 + 21 = -5*y. Let z = 63 - p. Let k(f) = f**3 + 6*f**2 + f + 7. What is k(z)?
1
Suppose -t + 0 - 11 = -2*v, 2*v = -2*t + 26. Let l(f) = 2737*f - 2737*f + f**2 + v. Give l(0).
8
Let s(t) = t**2 + 15*t + 22. Let l be s(-13). Let z(y) = -y**3 - 5*y**2 - 6*y - 3. Give z(l).
5
Let k(z) = z**3 + 6*z + 0 - 4 - 13*z + 11 + 0*z - 6*z**2. Give k(7).
7
Let s(g) = g**2 - 11*g + 5. Suppose -8*k + 72 = 8. Determine s(k).
-19
Suppose -5*g - 3*c - 16 = -0*g, -14 = 2*g + 5*c. Let h be g*(147/6)/7. Let u(l) = l**3 + 8*l**2 + 8*l + 8. What is u(h)?
1
Let y(j) = -j**3 + j + 5. Let o(w) = 5 - 4 + 2*w + 7. Suppose -43 = 9*z - 7. Let r be o(z). What is y(r)?
5
Let n(l) = -2*l**2 + 20*l - 2. Suppose 3*h - 20 = -2*t, 19*h = -t + 17*h + 10. What is n(t)?
-2
Let b(f) = -f**3 + 3*f**2 + 3*f. Let k = 58 - 69. Let z(t) = -t**3 - 12*t**2 - 12*t - 8. Let y be z(k). Determine b(y).
9
Let y(v) = 3*v. Let i(s) = 7*s + 9. Let f(o) = i(o) - 2*y(o). Give f(-14).
-5
Let t(x) = -10 + 7*x + 100*x**3 - 230*x**3 + 129*x**3 + 7*x**2. Determine t(7).
39
Let b(x) = x**3 - 8*x**2 + 8*x - 4. Let u = 89 - 104. Let n be (-12)/(-15) + (-93)/u. Give b(n).
3
Let r(j) = j**3 - 4*j**2 - 12*j + 7. Let l be (-1 - 11)*7/(-14). Determine r(l).
7
Let r(q) = -2*q**3 - 2*q**2 - q + 1. Let w be r(-2). Let p(f) = w + 3 + f - 16. Suppose -u = -5*c + 3, 3*c - 15 = -c + 5*u. What is p(c)?
-2
Suppose -3*a = a + 24. Let w = -3 - a. Let n(p) = 2*p**2 + 0*p**2 - p**w - 7*p**2 + 3*p + p**2 + 3. Calculate n(-4).
-9
Let y(v) = 137*v + v**2 - 3 - 137*v. Let x be y(-2). Let n(i) = 5*i**3 + 2*i**2 - 2*i + 1. Determine n(x).
6
Let z be 1/(((-3)/(-17))/(-10 - -13)). Let i(a) = 0*a - 10*a + z*a. What is i(-1)?
-7
Suppose -3*y + 14*y = 22. Let q(p) = -26*p**y + 12*p**2 + 3*p**2 + 1. Calculate q(1).
-10
Let q(p) = p**3 + 10*p**2 + 9*p + 7. Let k be q(-8). Let l = k + -57. Let t(o) = -o**2 + 6*o + 7. Determine t(l).
7
Let s(a) be the third derivative of -a**6/120 - a**5/10 + a**4/12 + 2*a**3/3 - 120*a**2. Let r(g) = -3*g. Let b be r(2). Give s(b).
-8
Suppose 65 = -164*g + 177*g. Let w(l) = l**2 + 2*l - 2. What is w(g)?
33
Let m(o) = 5*o - 5. Let n be m(2). Let s(r) = r**2 - n + 4*r + 6 + 0*r. What is s(-3)?
-2
Let v(o) = -o**2 - 3*o - 41. Let q(p) = -p**2 - 3*p - 42. Let j(n) = -3*q(n) + 4*v(n). Calculate j(0).
-38
Let i(a) = a**2 + 6*a - 27. Let p be i(3). Let o(k) = -k**3 - k**2 + k - 14. Determine o(p).
-14
Suppose -w + 13 = 3*t, w + 1 + 4 = 3*t. Suppose b + 15 = 2*a, -2*b + 15 = w*a + a. Let i(g) = 6 + 5*g + g**3 - 2*g**3 - a*g**2 - 7. Determine i(-6).
5
Suppose 0 = -5*z - 32 - 18. Let w = -9 - z. Suppose m + w = 2*n, m = -m - n - 7. Let o(p) = -2*p**2 - 2*p + 4. Determine o(m).
-8
Let v(i) = i. Let u(q) = 3*q**2 + 3*q**3 - 2*q - 4*q**3 - 4 + 3*q**2 - 2*q. Let r be u(4). Let f be (r - 10)/((-2)/4). Determine v(f).
-4
Let l = 0 + 3. Suppose -2*j = -5*x - 0*j - 8, -l*x - 4*j + 16 = 0. Let k(o) = 34 - 6*o**2 + 5*o**2 - o**3 - 27. Calculate k(x).
7
Suppose -5*z + 2*i + 23 = i, -23 = -3*z - 4*i. Suppose b + z*w - 19 = 0, -4*b + 3*b + 3*w = -11. Let p(r) = -b*r**2 + 5*r**2 - 1 + 3*r + 8*r**2. Determine p(4).
-5
Let k(x) be the first derivative of x**2 + 5. Let f(u) = u**2 + 11*u - 13. Let w be f(-12). Determine k(w).
-2
Let z be -3*(5 - 145/30)*8. Let h(p) be the third derivative of 0*p - 1/2*p**3 + p**2 - 1/60*p**5 + 0 - 7/24*p**4. What is h(z)?
9
Let b(i) = -i**2 + 4*i - 4. Let f(t) = t**3 + 5*t**2 - 6*t + 8. Let m be f(-6). Suppose -4*d - 9 = -3*w - 5*d, -w - 4*d = m. Suppose w*a - a = 15. What is b(a)?
-9
Let l(d) = -3*d**2 - 36*d - 7. Let n(m) = 4*m**2 + 53*m + 11. Let o(r) = -7*l(r) - 5*n(r). What is o(14)?
8
Suppose -13*r = -27 - 12. Let k(a) = -10*a + 3. What is k(r)?
-27
Suppose -9*v - d = -11*v - 4, -v - 20 = -5*d. Suppose 0 = -4*c + 53 - 17. Suppose v + c = 3*o. Let j(y) = -y**3 + 4*y**2 - 4*y. Calculate j(o).
-3
Let o(f) = f - 1